t w = 30 - 6. Suppose -3*k - 42 = 3*q, w = -5*k + 3*k - 3*q. Let i be (-60)/k*6*5. What is the highest common divisor of 20 and i?
20
Suppose 0 = 4*k + 5*i - 162, -5*k + 258 = 2*i + 30. What is the greatest common factor of k and 8112?
48
Suppose 8*c + n = 6*n + 14506, -9103 = -5*c - 3*n. Calculate the greatest common factor of 69 and c.
23
Let j be (-16)/104 - -990*7/91. What is the highest common divisor of j and 418?
38
Let y = -1993 + 2345. What is the greatest common divisor of y and 512?
32
Suppose 4*v - 32 = 2*j, 6*j - 6 = v + 2*j. Suppose 0 = -v*l + 1192 - 422. Let y = 15 - 4. Calculate the highest common factor of y and l.
11
Suppose -2*a = 2, 5*o - 2*a + 3*a = 104. Suppose 4*w - 240 = 12*w. Let v be 313/5 - 12/w. Calculate the highest common factor of o and v.
21
Suppose -4*d - 63 = -75. Suppose -x + 181 = y, 8*x - 6*x - 367 = -d*y. What is the highest common factor of x and 22?
22
Let r = 4648 + -4186. Calculate the greatest common factor of r and 44.
22
Suppose -a = 2*k - 5149, -3190*a - 5 = -3195*a. Calculate the greatest common factor of k and 7254.
234
Suppose 941307 - 2189018 = -164*y + 3782497. Calculate the highest common divisor of y and 24.
24
Let z be 20 + (308/70 - 2/5). What is the highest common factor of z and 1352?
8
Let k(s) = -s**2 - 6*s + 18. Suppose -18 = b - 4*b. Let a be k(b). Let u be (-360)/a - 1/(-3). What is the highest common factor of u and 14?
7
Let w be 11 + -6 + 15*39. Suppose 5*t = 1210 + w. Suppose 5*z = -z + t. What is the greatest common divisor of z and 12?
12
Let k be (-62 + -5 + 2)/(-1). Suppose 724 = 64*t - 18*t - 472. Calculate the highest common divisor of k and t.
13
Let q(s) = -24*s**2 - 13. Let w be q(-5). Let x = 2230 + w. Suppose -12*o = -o - x. What is the highest common divisor of o and 21?
21
Let q = -86 - -87. Suppose -2*s = 4*a - 150, 3*s - q = -2*a + 84. Let m be (-2)/(-5) - ((-3696)/a + -4). What is the greatest common factor of 22 and m?
22
Suppose -98*n - 18670420 = -292*n - 146*n. Calculate the highest common factor of 89 and n.
89
Let l(a) = -a**3 + 10*a**2 - 9*a + 4. Let p be l(8). Let k = -6983 - -7031. Calculate the highest common divisor of k and p.
12
Let u be 5680/24*(15/75)/(5/75). What is the highest common divisor of u and 30?
10
Suppose -5*y + 2*i - 3*i + 18 = 0, 5*y + 5*i - 10 = 0. Let h be (-4)/8 - (-9)/6. Let x be 18 - (-4 + h - -1). What is the highest common divisor of x and y?
4
Suppose -5*v - 94 = s, 26 = -v - 2*s - 0*s. Let i = -14 - v. Suppose -108 = -i*c + l - 28, 0 = -c + 2*l + 13. What is the highest common divisor of c and 21?
21
Let n = 4 - -2. Let a = 411 + -331. Suppose 61*o - 41*o = a. Calculate the highest common divisor of n and o.
2
Suppose d = 75*j - 72*j + 39, -d + 4*j + 44 = 0. What is the highest common factor of d and 1404?
12
Let j = -45 + 51. Let r be (1 - j) + ((-468)/3)/(-12). What is the highest common divisor of 88 and r?
8
Suppose -3*a - 2*z - 6 = -345, 0 = -3*a - 3*z + 339. Let h = a + -59. Suppose 675 = -0*t + 5*t. What is the highest common divisor of h and t?
27
Suppose 5*h - 521 - 69 = 0. Let l = -123 - -125. Calculate the greatest common factor of l and h.
2
Let o(a) = -a**3 + a. Let q be o(-1). Let j(x) = 59*x**3 + x**2 - 1. Let s be j(1). Let u be 1*(4 + s) + q. Calculate the greatest common divisor of u and 7.
7
Let m be ((-104)/(-4))/(5 + (-306)/63). Calculate the greatest common divisor of 2314 and m.
26
Let n be -102*3/(-2)*(-15)/(-45). Let k = -23 + n. Let c = -1 + 57. Calculate the highest common factor of c and k.
28
Let h(p) = -73*p - 16. Let w be (-4)/(-14) - (-598)/(-182). Let n be h(w). Calculate the highest common divisor of 29 and n.
29
Let v = 314 - -540. Let u(y) = -14*y**3 - 138*y**2 + 13*y - 9. Let s be u(-10). Calculate the greatest common divisor of v and s.
61
Suppose 3*j - 7*j = -12, -13492 = -5*a + j. Suppose 349 - a = -5*w + 2*y, 4*y = -4*w + 1852. What is the greatest common factor of w and 52?
52
Suppose 0 = 2*a + 3*h - 37, -2*a + 3*h = 22 - 41. What is the highest common factor of a and 350?
14
Let o = 1675 + -1657. Calculate the highest common factor of 303 and o.
3
Let t be 276/5 + 13/(-65). Suppose -25*l = 2*n - 22*l - t, 0 = -2*l + 10. What is the highest common divisor of n and 110?
10
Suppose 6 = 3*r, 3*r - 6 = -a - 0*a. Suppose -13*x - 145 + 860 = a. Calculate the highest common divisor of 5 and x.
5
Let f(u) = -98*u**3 + u**2 - 14*u - 26. Let z be f(-2). Let w = -153 + 163. Calculate the greatest common divisor of w and z.
10
Suppose 25*b + 160 = m + 20*b, 3*m + 2*b - 412 = 0. Calculate the highest common factor of 21980 and m.
140
Suppose 230 + 37218 = 25*m + 4573. What is the greatest common divisor of 4208 and m?
263
Let n(r) = r**2 - 8*r + 14. Let x be n(13). Suppose 5*l = 3*j - 158, -x = 5*j - 4*l - 338. What is the highest common factor of j and 459?
51
Suppose -83987 = 11*q - 233466. What is the greatest common divisor of 107 and q?
107
Let u be 3*(-1 + 3 + 163). Let q(l) = 682*l + 3025. Let z be q(-4). Calculate the highest common divisor of z and u.
99
Suppose -9 = 3*n, -g + 7693 = -n + 1150. Calculate the greatest common divisor of 12 and g.
12
Suppose -4*y - 4*p = -2*y - 34, 4*y + 5*p - 83 = 0. Let k be (-22)/(-99) - (-160)/9. What is the greatest common divisor of y and k?
9
Suppose 83*c = 86*c + 6. Let k be -1*(-5 - (-14)/c). Calculate the highest common divisor of 96 and k.
12
Let m be (8 - (-372)/(-6)) + 6. Let f be m/64*(-80)/6. Suppose 0 = l - x, -10 = -x - x. Calculate the highest common factor of l and f.
5
Let g be (-6 + 0 + -22)*(-417)/12. What is the highest common factor of g and 7?
7
Let g = 18595 - 10827. What is the greatest common factor of 8 and g?
8
Let j(c) = -c**3 + 87*c**2 + 175*c + 294. Let m be j(89). What is the greatest common factor of 5697 and m?
27
Let h = 1 + 11. Suppose 0 = 20*i - 6*i - 112. Let c be 2 - -46*(i + -7). What is the greatest common divisor of h and c?
12
Suppose -g + 3*c = -4 + 33, 0 = -4*g - 4*c - 148. Let u be ((-40)/g)/2*196/8. Calculate the highest common factor of 77 and u.
7
Suppose -d - 3*v = -2563, 4*d - 7*v = 4*v + 10459. Calculate the highest common factor of 4070 and d.
370
Let b = 225 - -54. What is the greatest common factor of 36 and b?
9
Let f = -2967 + 3233. What is the highest common factor of 308 and f?
14
Let r = -14859 + 15228. What is the highest common factor of r and 861?
123
Suppose -b = 5*i - 248, i + 230 = 6*i - 5*b. Suppose -38 = -51*z + i*z. Calculate the greatest common divisor of 608 and z.
19
Let d be (-4)/14 - (-6435)/105. Suppose d*q - 1222 = -429. Let h(o) = -7*o - 2. Let z be h(-4). Calculate the highest common factor of z and q.
13
Let x(g) = -23*g - 110. Let h be x(-11). Suppose 21 = -3*u + 54. What is the highest common factor of u and h?
11
Let k(s) = -9*s - 452. Let w be k(-69). What is the highest common divisor of 832 and w?
13
Suppose w = -w + 216. Let y be -70*(-531)/2891 - 12/14. What is the greatest common factor of y and w?
12
Suppose 0 = v + k - 44 + 13, 4*v + k - 136 = 0. Let r be (-3 - 38/(-4))*26. Suppose -111 = -4*y + r. Calculate the greatest common divisor of y and v.
35
Let p be (450/270)/((-4)/(111960/(-25))). What is the greatest common factor of 12 and p?
6
Suppose 132*z - 660 = 64*z + 46*z. Calculate the highest common divisor of z and 2230.
10
Let b(f) = -f**3 + 6*f**2 + 18*f - 20. Let o be b(8). Let w be 14/35*85 - (1 - o). What is the highest common divisor of 232 and w?
29
Let b = 318 + -307. Suppose 442 = b*u - 152. What is the greatest common factor of u and 216?
54
Let y = 5712 + -4590. What is the greatest common factor of y and 528?
66
Let p(b) = 16*b**2 - b + 1. Let u be p(2). Suppose -64*y = -3*l - 66*y + 31, y - 2 = 0. What is the greatest common factor of u and l?
9
Suppose 0 = -2*o + z + 4485, -7*z + 6*z = -3. Calculate the highest common factor of o and 12.
12
Let r be -126 + 166 + 8/1. Suppose -2*n - n = 0. Suppose -4*s + s + 36 = n. Calculate the greatest common factor of s and r.
12
Suppose -21*w - 210 = -6*w. Let b be ((-48)/(-14))/((-2)/w). Calculate the greatest common divisor of b and 136.
8
Let k(r) = r**3 - 40*r + 34. Let m be k(8). What is the highest common factor of m and 226?
226
Let m = -4032 - -4831. Calculate the greatest common factor of 17 and m.